{"id":463,"date":"2018-07-18T09:19:44","date_gmt":"2018-07-18T09:19:44","guid":{"rendered":"http:\/\/www.dayfornight.odns.fr\/?page_id=463"},"modified":"2023-02-03T15:21:48","modified_gmt":"2023-02-03T15:21:48","slug":"black-house","status":"publish","type":"page","link":"http:\/\/www.dayfornight.fr\/en\/black-house\/","title":{"rendered":"Black House"},"content":{"rendered":"<div data-elementor-type=\"wp-page\" data-elementor-id=\"463\" class=\"elementor elementor-463\">\n\t\t\t\t\t\t<section class=\"elementor-section elementor-top-section elementor-element elementor-element-196dc467 elementor-section-boxed elementor-section-height-default elementor-section-height-default\" data-id=\"196dc467\" data-element_type=\"section\">\n\t\t\t\t\t\t<div class=\"elementor-container elementor-column-gap-default\">\n\t\t\t\t\t<div class=\"elementor-column elementor-col-100 elementor-top-column elementor-element elementor-element-d59bbb\" data-id=\"d59bbb\" data-element_type=\"column\">\n\t\t\t<div class=\"elementor-widget-wrap\">\n\t\t\t\t\t\t\t<\/div>\n\t\t<\/div>\n\t\t\t\t\t<\/div>\n\t\t<\/section>\n\t\t\t\t<section class=\"elementor-section elementor-top-section elementor-element elementor-element-d300527 elementor-section-boxed elementor-section-height-default elementor-section-height-default\" data-id=\"d300527\" data-element_type=\"section\">\n\t\t\t\t\t\t<div class=\"elementor-container elementor-column-gap-default\">\n\t\t\t\t\t<div class=\"elementor-column elementor-col-100 elementor-top-column elementor-element elementor-element-63b87b3\" data-id=\"63b87b3\" data-element_type=\"column\">\n\t\t\t<div class=\"elementor-widget-wrap elementor-element-populated\">\n\t\t\t\t\t\t<div class=\"elementor-element elementor-element-19af708 elementor-widget elementor-widget-text-editor\" data-id=\"19af708\" data-element_type=\"widget\" data-widget_type=\"text-editor.default\">\n\t\t\t\t<div class=\"elementor-widget-container\">\n\t\t\t\t\t\t\t<p><span style=\"font-family: Andale Mono, Times; color: #00786e;\">________<\/span><\/p><p><span style=\"font-family: gravity-light; font-size: 36pt; color: #00786e;\">Black House<\/span><\/p><p><span style=\"font-family: gravity-book; font-size: 10pt; color: #00786e;\">CR\u00c9ATION 2014<\/span><\/p>\t\t\t\t\t\t<\/div>\n\t\t\t\t<\/div>\n\t\t\t\t\t<\/div>\n\t\t<\/div>\n\t\t\t\t\t<\/div>\n\t\t<\/section>\n\t\t\t\t<section class=\"elementor-section elementor-top-section elementor-element elementor-element-5d32cd0a elementor-section-boxed elementor-section-height-default elementor-section-height-default\" data-id=\"5d32cd0a\" data-element_type=\"section\">\n\t\t\t\t\t\t<div class=\"elementor-container elementor-column-gap-wide\">\n\t\t\t\t\t<div class=\"elementor-column elementor-col-66 elementor-top-column elementor-element elementor-element-1db1ca61\" data-id=\"1db1ca61\" data-element_type=\"column\">\n\t\t\t<div class=\"elementor-widget-wrap elementor-element-populated\">\n\t\t\t\t\t\t<div class=\"elementor-element elementor-element-1bb2562 elementor-widget elementor-widget-text-editor\" data-id=\"1bb2562\" data-element_type=\"widget\" data-widget_type=\"text-editor.default\">\n\t\t\t\t<div class=\"elementor-widget-container\">\n\t\t\t\t\t\t\t<p><span style=\"font-family: gravity-book; font-size: 12pt;\">Black house, \u00e0 la fois l\u2019inverse de la White house, un QG des minorit\u00e9s pens\u00e9 dans les ann\u00e9es 70 aux Etats Unis. Une forme de chambre noire aussi\u2026<\/span><br \/><span style=\"font-family: gravity-book; font-size: 12pt;\">Une femme seule, dans une chambre noire, une prison ou un refuge. Elle pourrait s\u2019appeler Rosa, et elle parle \u00e0 Hans,un homme absent. Ce qu\u2019elle a fait exactement ? Peut-\u00eatre a-t-elle braqu\u00e9 des banques, peut-\u00eatre s\u2019est-elle insurg\u00e9 contre son gouvernement. Elle \u00e9voque ses diff\u00e9rentes vies, tente de r\u00e9inventer une r\u00e9volution pass\u00e9e ou future\u2026<\/span><br \/><span style=\"font-family: gravity-book; font-size: 12pt;\">Une envie de traiter la question de l\u2019engagement aujourd\u2019hui, de ces moments qui basculent. A mon sens, les moments o\u00f9 un individu d\u00e9cide d\u2019\u00eatre actif dans la bascule du monde a fort \u00e0 voir avec le d\u00e9ficit de r\u00e9alit\u00e9 de ce monde, l\u2019endroit non pas o\u00f9 l\u2019individu sombre dans la folie mais o\u00f9 le monde sort de ses gonds. L\u00e0 o\u00f9 les biographies basculent, o\u00f9 le politique s\u2019ancre dans l\u2019intime : formellement et th\u00e9\u00e2tralement, je me suis toujours interrog\u00e9e sur le d\u00e9clencheur, le moment pr\u00e9cis.<\/span><br \/><span style=\"font-family: gravity-book; font-size: 12pt;\">Qu\u2019est-ce qui a amen\u00e9 Rosa Luxemburg \u00e0 proclamer la r\u00e9volution de 1918 en Allemagne alors que fondamentalement, elle pensait que le peuple n\u2019\u00e9tait pas pr\u00eat ?<\/span><br \/><span style=\"font-family: gravity-book; font-size: 12pt;\">Qu\u2019est-ce qui a pouss\u00e9 Inge Viett \u00e0 braquer des banques dans l\u2019Allemagne de l\u2019Ouest des ann\u00e9es 70 pour ensuite d\u00e9crocher et dispara\u00eetre en Allemagne de l\u2019Est sous une fausse identit\u00e9 ?<\/span><br \/><span style=\"font-family: gravity-book; font-size: 12pt;\">Qu\u2019est-ce qui a amen\u00e9 Nadejda Tolokonnikova \u00e0, depuis sa prison, \u00e9crire dans les journaux sur ses conditions de d\u00e9tention, tout en ayant conscience des repr\u00e9sailles pour elle et ses co-d\u00e9tenues ?<\/span><br \/><span style=\"font-family: gravity-book; font-size: 12pt;\">Comment la prison, lieu par excellence de l\u2019enfermement, peut devenir selon la \u00ab vertu carc\u00e9rale \u00bb nomm\u00e9e par Bernard Stiegler, un espace de libert\u00e9, de prise de conscience, de construction d\u2019une pens\u00e9e de la r\u00e9sistance ?<\/span><br \/><span style=\"font-family: gravity-book; font-size: 12pt;\">Comment des \u00e9l\u00e9ments quasi anecdotiques peuvent d\u00e9clencher une r\u00e9volution ?<\/span><br \/><span style=\"font-family: gravity-book; font-size: 12pt;\">A travers diff\u00e9rents figures de l\u2019engagement, du moment o\u00f9 l\u2019intime bascule dans le politique, ce spectacle aborde la question de l\u2019engagement et de sa difficult\u00e9 aujourd\u2019hui, la pluralit\u00e9 des niveaux de r\u00e9alit\u00e9.<\/span><br \/><span style=\"font-family: gravity-book; font-size: 12pt;\">L\u2019actrice (Marik Renner) circule entre la prise de parole directe, ici et maintenant, avec le public qu\u2019elle accueille, et le film mental, les figures symboliques, l\u2019entr\u00e9e dans la fiction, dans l\u2019image. L\u2019actrice passera d\u2019une biographie \u00e0 l\u2019autre, telle Inge Viett changeant de vie en Allemagne de l\u2019Est, et s\u2019appropriant cette nouvelle vie\u2026On travaillera toujours \u00e0 la lisi\u00e8re entre l\u2019actrice et le personnage, l\u2019actrice partageant avec le public les \u00e9tapes qui l\u2019am\u00e8nent \u00e0 entrer dans la peau de ces personnages devenus mythologiques.<\/span><br \/><span style=\"font-family: gravity-book; font-size: 12pt;\">On entrera parfois dans l\u2019image pour ensuite jouer le personnage, entrer dans son intimit\u00e9 pour identifier ce qui d\u00e9clenche un acte. L\u2019actrice rejoue des sc\u00e8nes de films, connus ou moins connus, et nous transportera d\u2019une \u00e9poque \u00e0 une autre, d\u2019une vie \u00e0 une autre, en constituant peu \u00e0 peu, avec les spectateurs de la cave, ce que pourrait \u00eatre une communaut\u00e9.<\/span><\/p><p><span style=\"font-family: gravity-book; font-size: 12pt;\">Anne Monfort<\/span><\/p>\t\t\t\t\t\t<\/div>\n\t\t\t\t<\/div>\n\t\t\t\t<div class=\"elementor-element elementor-element-168ac4c elementor-widget elementor-widget-text-editor\" data-id=\"168ac4c\" data-element_type=\"widget\" data-widget_type=\"text-editor.default\">\n\t\t\t\t<div class=\"elementor-widget-container\">\n\t\t\t\t\t\t\t<p><span style=\"font-family: gravity-book; font-size: 10pt;\"><span style=\"font-family: gravity-bold; color: #00786e;\">PRODUCTION<\/span><br \/><span style=\"font-family: gravity-bold;\">Production<\/span> Festival de caves 2014\/Day-for-night<\/span><br \/><span style=\"font-family: gravity-book; font-size: 10pt;\"><span style=\"font-family: gravity-bold;\">With<\/span> l\u2019aide \u00e0 la cr\u00e9ation de la R\u00e9gion Franche-Comt\u00e9, le soutien du Th\u00e9\u00e2tre des Quartiers d\u2019Ivry-CDN en pr\u00e9figuration, de Confluences et du Th\u00e9\u00e2tre Paul Eluard de Choisy-le-Roi<\/span><\/p>\t\t\t\t\t\t<\/div>\n\t\t\t\t<\/div>\n\t\t\t\t\t<\/div>\n\t\t<\/div>\n\t\t\t\t<div class=\"elementor-column elementor-col-33 elementor-top-column elementor-element elementor-element-2f3d1bc1\" data-id=\"2f3d1bc1\" data-element_type=\"column\">\n\t\t\t<div class=\"elementor-widget-wrap elementor-element-populated\">\n\t\t\t\t\t\t<div class=\"elementor-element elementor-element-49387895 elementor-widget elementor-widget-image\" data-id=\"49387895\" data-element_type=\"widget\" data-widget_type=\"image.default\">\n\t\t\t\t<div class=\"elementor-widget-container\">\n\t\t\t\t\t\t\t\t\t\t\t\t\t<img fetchpriority=\"high\" decoding=\"async\" width=\"768\" height=\"512\" src=\"https:\/\/www.dayfornight.fr\/wp-content\/uploads\/2023\/01\/FOR_1487-\u00a9-Patrick-Forsans-_WEB-2-768x512.jpeg\" class=\"attachment-medium_large size-medium_large wp-image-2243\" alt=\"\" srcset=\"https:\/\/www.dayfornight.fr\/wp-content\/uploads\/2023\/01\/FOR_1487-\u00a9-Patrick-Forsans-_WEB-2-768x512.jpeg 768w, https:\/\/www.dayfornight.fr\/wp-content\/uploads\/2023\/01\/FOR_1487-\u00a9-Patrick-Forsans-_WEB-2-300x200.jpeg 300w, https:\/\/www.dayfornight.fr\/wp-content\/uploads\/2023\/01\/FOR_1487-\u00a9-Patrick-Forsans-_WEB-2.jpeg 800w\" sizes=\"(max-width: 768px) 100vw, 768px\" \/>\t\t\t\t\t\t\t\t\t\t\t\t\t<\/div>\n\t\t\t\t<\/div>\n\t\t\t\t<div class=\"elementor-element elementor-element-46de3ab elementor-widget elementor-widget-text-editor\" data-id=\"46de3ab\" data-element_type=\"widget\" data-widget_type=\"text-editor.default\">\n\t\t\t\t<div class=\"elementor-widget-container\">\n\t\t\t\t\t\t\t<p style=\"text-align: center;\"><span style=\"font-family: gravity-book; font-size: 8pt;\">\u00a9 Patrick Forsans<\/span><\/p>\t\t\t\t\t\t<\/div>\n\t\t\t\t<\/div>\n\t\t\t\t<div class=\"elementor-element elementor-element-a51b4e1 elementor-widget elementor-widget-text-editor\" data-id=\"a51b4e1\" data-element_type=\"widget\" data-widget_type=\"text-editor.default\">\n\t\t\t\t<div class=\"elementor-widget-container\">\n\t\t\t\t\t\t\t<p><span style=\"font-family: gravity-book; font-size: 10pt;\"><span style=\"font-family: gravity-bold; color: #00786e;\">CAST<\/span><br \/>Direction <span style=\"font-family: gravity-bold;\">Anne Monfort<\/span><\/span><br \/><span style=\"font-family: gravity-book; font-size: 10pt;\">With <span style=\"font-family: gravity-bold;\">Marik Renner<\/span><\/span><br \/><span style=\"font-family: gravity-book; font-size: 10pt;\">Conception <span style=\"font-family: gravity-bold;\">Anne Monfort<\/span> and <span style=\"font-family: gravity-bold;\">Marik Renner<\/span><\/span><\/p>\t\t\t\t\t\t<\/div>\n\t\t\t\t<\/div>\n\t\t\t\t<div class=\"elementor-element elementor-element-cee5960 elementor-widget elementor-widget-text-editor\" data-id=\"cee5960\" data-element_type=\"widget\" data-widget_type=\"text-editor.default\">\n\t\t\t\t<div class=\"elementor-widget-container\">\n\t\t\t\t\t\t\t<p><span style=\"font-family: gravity-book; font-size: 10pt;\"><span style=\"font-family: gravity-bold; color: #00786e;\">PERFORMANCE DATES<\/span><br \/><span style=\"font-family: gravity-bold;\">Les 15, 16, 17, 23 et 24 mai et le 1er juin2014<\/span> | Cr\u00e9ation <br \/>Festival de Caves 2014, Besan\u00e7on <br \/>Le 21 mai 2014<br \/>Esprels <br \/>Le 25 mai 2014<br \/>Lons-le-Saunier <br \/>Les 27\u00a0 et 31 mai 2014<br \/>Montb\u00e9liard <br \/>Les 28 et 30 mai 2014<br \/>Belfort <br \/>Le 3 juin 2014<br \/>Saint-Antoine <br \/>Le 4 juin 2014<br \/>Saint-Claude <br \/>le 50 juin 2014<br \/>Baume-les-Dames <br \/>Les 6, 7 et 8 juin 2014<br \/>Paris <br \/>Le 18 juin 2014<br \/>Strasbourg <br \/>Le 19 juin 2014<br \/>Saint-Louis\u00a0<br \/>Le 20 juin 2014<br \/>Mulhouse<br \/>Le 22 juin 2014<br \/>Saint-Hyppolite\u00a0<br \/><\/span><\/p>\t\t\t\t\t\t<\/div>\n\t\t\t\t<\/div>\n\t\t\t\t\t<\/div>\n\t\t<\/div>\n\t\t\t\t\t<\/div>\n\t\t<\/section>\n\t\t\t\t<section class=\"elementor-section elementor-top-section elementor-element elementor-element-3088683a elementor-section-boxed elementor-section-height-default elementor-section-height-default\" data-id=\"3088683a\" data-element_type=\"section\">\n\t\t\t\t\t\t<div class=\"elementor-container elementor-column-gap-default\">\n\t\t\t\t\t<div class=\"elementor-column elementor-col-100 elementor-top-column elementor-element elementor-element-77dcf88e\" data-id=\"77dcf88e\" data-element_type=\"column\">\n\t\t\t<div class=\"elementor-widget-wrap\">\n\t\t\t\t\t\t\t<\/div>\n\t\t<\/div>\n\t\t\t\t\t<\/div>\n\t\t<\/section>\n\t\t\t\t<\/div>","protected":false},"excerpt":{"rendered":"<p>________ Black House CR\u00c9ATION 2014 Black house, \u00e0 la fois l\u2019inverse de la White house, un QG des minorit\u00e9s pens\u00e9<\/p>","protected":false},"author":1,"featured_media":0,"parent":0,"menu_order":0,"comment_status":"closed","ping_status":"closed","template":"","meta":[],"_links":{"self":[{"href":"http:\/\/www.dayfornight.fr\/en\/wp-json\/wp\/v2\/pages\/463"}],"collection":[{"href":"http:\/\/www.dayfornight.fr\/en\/wp-json\/wp\/v2\/pages"}],"about":[{"href":"http:\/\/www.dayfornight.fr\/en\/wp-json\/wp\/v2\/types\/page"}],"author":[{"embeddable":true,"href":"http:\/\/www.dayfornight.fr\/en\/wp-json\/wp\/v2\/users\/1"}],"replies":[{"embeddable":true,"href":"http:\/\/www.dayfornight.fr\/en\/wp-json\/wp\/v2\/comments?post=463"}],"version-history":[{"count":14,"href":"http:\/\/www.dayfornight.fr\/en\/wp-json\/wp\/v2\/pages\/463\/revisions"}],"predecessor-version":[{"id":2758,"href":"http:\/\/www.dayfornight.fr\/en\/wp-json\/wp\/v2\/pages\/463\/revisions\/2758"}],"wp:attachment":[{"href":"http:\/\/www.dayfornight.fr\/en\/wp-json\/wp\/v2\/media?parent=463"}],"curies":[{"name":"wp","href":"https:\/\/api.w.org\/{rel}","templated":true}]}}

<div data-elementor-type="wp-page" data-elementor-id="463" class="elementor elementor-463">
						<section class="elementor-section elementor-top-section elementor-element elementor-element-196dc467 elementor-section-boxed elementor-section-height-default elementor-section-height-default" data-id="196dc467" data-element_type="section">
						<div class="elementor-container elementor-column-gap-default">
					<div class="elementor-column elementor-col-100 elementor-top-column elementor-element elementor-element-d59bbb" data-id="d59bbb" data-element_type="column">
			<div class="elementor-widget-wrap">
							</div>
		</div>
					</div>
		</section>
				<section class="elementor-section elementor-top-section elementor-element elementor-element-d300527 elementor-section-boxed elementor-section-height-default elementor-section-height-default" data-id="d300527" data-element_type="section">
						<div class="elementor-container elementor-column-gap-default">
					<div class="elementor-column elementor-col-100 elementor-top-column elementor-element elementor-element-63b87b3" data-id="63b87b3" data-element_type="column">
			<div class="elementor-widget-wrap elementor-element-populated">
						<div class="elementor-element elementor-element-19af708 elementor-widget elementor-widget-text-editor" data-id="19af708" data-element_type="widget" data-widget_type="text-editor.default">
				<div class="elementor-widget-container">
							<p><span style="font-family: Andale Mono, Times; color: #00786e;">________</span></p><p><span style="font-family: gravity-light; font-size: 36pt; color: #00786e;">Black House</span></p><p><span style="font-family: gravity-book; font-size: 10pt; color: #00786e;">CRÉATION 2014</span></p>						</div>
				</div>
					</div>
		</div>
					</div>
		</section>
				<section class="elementor-section elementor-top-section elementor-element elementor-element-5d32cd0a elementor-section-boxed elementor-section-height-default elementor-section-height-default" data-id="5d32cd0a" data-element_type="section">
						<div class="elementor-container elementor-column-gap-wide">
					<div class="elementor-column elementor-col-66 elementor-top-column elementor-element elementor-element-1db1ca61" data-id="1db1ca61" data-element_type="column">
			<div class="elementor-widget-wrap elementor-element-populated">
						<div class="elementor-element elementor-element-1bb2562 elementor-widget elementor-widget-text-editor" data-id="1bb2562" data-element_type="widget" data-widget_type="text-editor.default">
				<div class="elementor-widget-container">
							<p><span style="font-family: gravity-book; font-size: 12pt;">Black house, à la fois l’inverse de la White house, un QG des minorités pensé dans les années 70 aux Etats Unis. Une forme de chambre noire aussi…</span><br /><span style="font-family: gravity-book; font-size: 12pt;">Une femme seule, dans une chambre noire, une prison ou un refuge. Elle pourrait s’appeler Rosa, et elle parle à Hans,un homme absent. Ce qu’elle a fait exactement ? Peut-être a-t-elle braqué des banques, peut-être s’est-elle insurgé contre son gouvernement. Elle évoque ses différentes vies, tente de réinventer une révolution passée ou future…</span><br /><span style="font-family: gravity-book; font-size: 12pt;">Une envie de traiter la question de l’engagement aujourd’hui, de ces moments qui basculent. A mon sens, les moments où un individu décide d’être actif dans la bascule du monde a fort à voir avec le déficit de réalité de ce monde, l’endroit non pas où l’individu sombre dans la folie mais où le monde sort de ses gonds. Là où les biographies basculent, où le politique s’ancre dans l’intime : formellement et théâtralement, je me suis toujours interrogée sur le déclencheur, le moment précis.</span><br /><span style="font-family: gravity-book; font-size: 12pt;">Qu’est-ce qui a amené Rosa Luxemburg à proclamer la révolution de 1918 en Allemagne alors que fondamentalement, elle pensait que le peuple n’était pas prêt ?</span><br /><span style="font-family: gravity-book; font-size: 12pt;">Qu’est-ce qui a poussé Inge Viett à braquer des banques dans l’Allemagne de l’Ouest des années 70 pour ensuite décrocher et disparaître en Allemagne de l’Est sous une fausse identité ?</span><br /><span style="font-family: gravity-book; font-size: 12pt;">Qu’est-ce qui a amené Nadejda Tolokonnikova à, depuis sa prison, écrire dans les journaux sur ses conditions de détention, tout en ayant conscience des représailles pour elle et ses co-détenues ?</span><br /><span style="font-family: gravity-book; font-size: 12pt;">Comment la prison, lieu par excellence de l’enfermement, peut devenir selon la « vertu carcérale » nommée par Bernard Stiegler, un espace de liberté, de prise de conscience, de construction d’une pensée de la résistance ?</span><br /><span style="font-family: gravity-book; font-size: 12pt;">Comment des éléments quasi anecdotiques peuvent déclencher une révolution ?</span><br /><span style="font-family: gravity-book; font-size: 12pt;">A travers différents figures de l’engagement, du moment où l’intime bascule dans le politique, ce spectacle aborde la question de l’engagement et de sa difficulté aujourd’hui, la pluralité des niveaux de réalité.</span><br /><span style="font-family: gravity-book; font-size: 12pt;">L’actrice (Marik Renner) circule entre la prise de parole directe, ici et maintenant, avec le public qu’elle accueille, et le film mental, les figures symboliques, l’entrée dans la fiction, dans l’image. L’actrice passera d’une biographie à l’autre, telle Inge Viett changeant de vie en Allemagne de l’Est, et s’appropriant cette nouvelle vie…On travaillera toujours à la lisière entre l’actrice et le personnage, l’actrice partageant avec le public les étapes qui l’amènent à entrer dans la peau de ces personnages devenus mythologiques.</span><br /><span style="font-family: gravity-book; font-size: 12pt;">On entrera parfois dans l’image pour ensuite jouer le personnage, entrer dans son intimité pour identifier ce qui déclenche un acte. L’actrice rejoue des scènes de films, connus ou moins connus, et nous transportera d’une époque à une autre, d’une vie à une autre, en constituant peu à peu, avec les spectateurs de la cave, ce que pourrait être une communauté.</span></p><p><span style="font-family: gravity-book; font-size: 12pt;">Anne Monfort</span></p>						</div>
				</div>
				<div class="elementor-element elementor-element-168ac4c elementor-widget elementor-widget-text-editor" data-id="168ac4c" data-element_type="widget" data-widget_type="text-editor.default">
				<div class="elementor-widget-container">
							<p><span style="font-family: gravity-book; font-size: 10pt;"><span style="font-family: gravity-bold; color: #00786e;">PRODUCTION</span><br /><span style="font-family: gravity-bold;">Production</span> Festival de caves 2014/Day-for-night</span><br /><span style="font-family: gravity-book; font-size: 10pt;"><span style="font-family: gravity-bold;">With</span> l’aide à la création de la Région Franche-Comté, le soutien du Théâtre des Quartiers d’Ivry-CDN en préfiguration, de Confluences et du Théâtre Paul Eluard de Choisy-le-Roi</span></p>						</div>
				</div>
					</div>
		</div>
				<div class="elementor-column elementor-col-33 elementor-top-column elementor-element elementor-element-2f3d1bc1" data-id="2f3d1bc1" data-element_type="column">
			<div class="elementor-widget-wrap elementor-element-populated">
						<div class="elementor-element elementor-element-49387895 elementor-widget elementor-widget-image" data-id="49387895" data-element_type="widget" data-widget_type="image.default">
				<div class="elementor-widget-container">
													<img fetchpriority="high" decoding="async" width="768" height="512" src="https://www.dayfornight.fr/wp-content/uploads/2023/01/FOR_1487-©-Patrick-Forsans-_WEB-2-768x512.jpeg" class="attachment-medium_large size-medium_large wp-image-2243" alt="" srcset="https://www.dayfornight.fr/wp-content/uploads/2023/01/FOR_1487-©-Patrick-Forsans-_WEB-2-768x512.jpeg 768w, https://www.dayfornight.fr/wp-content/uploads/2023/01/FOR_1487-©-Patrick-Forsans-_WEB-2-300x200.jpeg 300w, https://www.dayfornight.fr/wp-content/uploads/2023/01/FOR_1487-©-Patrick-Forsans-_WEB-2.jpeg 800w" sizes="(max-width: 768px) 100vw, 768px" />													</div>
				</div>
				<div class="elementor-element elementor-element-46de3ab elementor-widget elementor-widget-text-editor" data-id="46de3ab" data-element_type="widget" data-widget_type="text-editor.default">
				<div class="elementor-widget-container">
							<p style="text-align: center;"><span style="font-family: gravity-book; font-size: 8pt;">© Patrick Forsans</span></p>						</div>
				</div>
				<div class="elementor-element elementor-element-a51b4e1 elementor-widget elementor-widget-text-editor" data-id="a51b4e1" data-element_type="widget" data-widget_type="text-editor.default">
				<div class="elementor-widget-container">
							<p><span style="font-family: gravity-book; font-size: 10pt;"><span style="font-family: gravity-bold; color: #00786e;">CAST</span><br />Direction <span style="font-family: gravity-bold;">Anne Monfort</span></span><br /><span style="font-family: gravity-book; font-size: 10pt;">With <span style="font-family: gravity-bold;">Marik Renner</span></span><br /><span style="font-family: gravity-book; font-size: 10pt;">Conception <span style="font-family: gravity-bold;">Anne Monfort</span> and <span style="font-family: gravity-bold;">Marik Renner</span></span></p>						</div>
				</div>
				<div class="elementor-element elementor-element-cee5960 elementor-widget elementor-widget-text-editor" data-id="cee5960" data-element_type="widget" data-widget_type="text-editor.default">
				<div class="elementor-widget-container">
							<p><span style="font-family: gravity-book; font-size: 10pt;"><span style="font-family: gravity-bold; color: #00786e;">PERFORMANCE DATES</span><br /><span style="font-family: gravity-bold;">Les 15, 16, 17, 23 et 24 mai et le 1er juin2014</span> | Création <br />Festival de Caves 2014, Besançon <br />Le 21 mai 2014<br />Esprels <br />Le 25 mai 2014<br />Lons-le-Saunier <br />Les 27  et 31 mai 2014<br />Montbéliard <br />Les 28 et 30 mai 2014<br />Belfort <br />Le 3 juin 2014<br />Saint-Antoine <br />Le 4 juin 2014<br />Saint-Claude <br />le 50 juin 2014<br />Baume-les-Dames <br />Les 6, 7 et 8 juin 2014<br />Paris <br />Le 18 juin 2014<br />Strasbourg <br />Le 19 juin 2014<br />Saint-Louis <br />Le 20 juin 2014<br />Mulhouse<br />Le 22 juin 2014<br />Saint-Hyppolite <br /></span></p>						</div>
				</div>
					</div>
		</div>
					</div>
		</section>
				<section class="elementor-section elementor-top-section elementor-element elementor-element-3088683a elementor-section-boxed elementor-section-height-default elementor-section-height-default" data-id="3088683a" data-element_type="section">
						<div class="elementor-container elementor-column-gap-default">
					<div class="elementor-column elementor-col-100 elementor-top-column elementor-element elementor-element-77dcf88e" data-id="77dcf88e" data-element_type="column">
			<div class="elementor-widget-wrap">
							</div>
		</div>
					</div>
		</section>
				</div>

<p>________ Black House CRÉATION 2014 Black house, à la fois l’inverse de la White house, un QG des minorités pensé</p>
