{"id":288,"date":"2018-07-16T15:10:46","date_gmt":"2018-07-16T15:10:46","guid":{"rendered":"http:\/\/www.dayfornight.odns.fr\/?page_id=288"},"modified":"2023-02-07T10:48:46","modified_gmt":"2023-02-07T10:48:46","slug":"sous-la-glace","status":"publish","type":"page","link":"https:\/\/www.dayfornight.fr\/en\/sous-la-glace\/","title":{"rendered":"Sous la glace"},"content":{"rendered":"<div data-elementor-type=\"wp-post\" data-elementor-id=\"288\" class=\"elementor elementor-288\">\n\t\t\t\t\t\t<section class=\"elementor-section elementor-top-section elementor-element elementor-element-2cb7582d elementor-section-boxed elementor-section-height-default elementor-section-height-default\" data-id=\"2cb7582d\" data-element_type=\"section\">\n\t\t\t\t\t\t<div class=\"elementor-container elementor-column-gap-default\">\n\t\t\t\t\t<div class=\"elementor-column elementor-col-100 elementor-top-column elementor-element elementor-element-1dc267c9\" data-id=\"1dc267c9\" data-element_type=\"column\">\n\t\t\t<div class=\"elementor-widget-wrap\">\n\t\t\t\t\t\t\t<\/div>\n\t\t<\/div>\n\t\t\t\t\t<\/div>\n\t\t<\/section>\n\t\t\t\t<section class=\"elementor-section elementor-top-section elementor-element elementor-element-9b87318 elementor-section-boxed elementor-section-height-default elementor-section-height-default\" data-id=\"9b87318\" data-element_type=\"section\">\n\t\t\t\t\t\t<div class=\"elementor-container elementor-column-gap-default\">\n\t\t\t\t\t<div class=\"elementor-column elementor-col-100 elementor-top-column elementor-element elementor-element-4b4cb4a\" data-id=\"4b4cb4a\" data-element_type=\"column\">\n\t\t\t<div class=\"elementor-widget-wrap elementor-element-populated\">\n\t\t\t\t\t\t<div class=\"elementor-element elementor-element-7c5ea24 elementor-widget elementor-widget-text-editor\" data-id=\"7c5ea24\" data-element_type=\"widget\" data-widget_type=\"text-editor.default\">\n\t\t\t\t<div class=\"elementor-widget-container\">\n\t\t\t\t\t\t\t<p><span style=\"font-family: Andale Mono, Times; color: #00786e;\">________<\/span><\/p><p><span style=\"font-family: gravity-light; font-size: 36pt; color: #00786e;\">sous la glace<\/span><\/p><p><span style=\"font-family: gravity-book; font-size: 10pt; color: #00786e;\">CR\u00c9ATION 2007<\/span><\/p>\t\t\t\t\t\t<\/div>\n\t\t\t\t<\/div>\n\t\t\t\t\t<\/div>\n\t\t<\/div>\n\t\t\t\t\t<\/div>\n\t\t<\/section>\n\t\t\t\t<section class=\"elementor-section elementor-top-section elementor-element elementor-element-351817cb elementor-section-boxed elementor-section-height-default elementor-section-height-default\" data-id=\"351817cb\" data-element_type=\"section\">\n\t\t\t\t\t\t<div class=\"elementor-container elementor-column-gap-wide\">\n\t\t\t\t\t<div class=\"elementor-column elementor-col-66 elementor-top-column elementor-element elementor-element-1dbbc929\" data-id=\"1dbbc929\" data-element_type=\"column\">\n\t\t\t<div class=\"elementor-widget-wrap elementor-element-populated\">\n\t\t\t\t\t\t<div class=\"elementor-element elementor-element-6b2a7bc5 elementor-widget elementor-widget-text-editor\" data-id=\"6b2a7bc5\" data-element_type=\"widget\" data-widget_type=\"text-editor.default\">\n\t\t\t\t<div class=\"elementor-widget-container\">\n\t\t\t\t\t\t\t<p><span style=\"font-family: gravity-book; font-size: 12pt;\">L\u2019\u00e9criture de <em>Sous la glace<\/em> comme des autres pi\u00e8ces de Falk Richter est une \u00e9criture de plateau, qui met au centre le travail de l\u2019acteur et qui lui est destin\u00e9e.<\/span><br \/><span style=\"font-family: gravity-book; font-size: 12pt;\">D\u2019un niveau de r\u00e9alit\u00e9 \u00e0 l\u2019autre, du travail \u00e0 l\u2019intime, impossible de d\u00e9cider si la pi\u00e8ce est le cauchemar de Jean Personne, le consultant vieilli, ou la r\u00e9alit\u00e9 de l\u2019entreprise. A peine des personnages encore individualis\u00e9s, les \u00eatres y errent d\u2019un non-lieu surmoderne \u00e0 l\u2019autre entre l\u2019a\u00e9roport et le r\u00e9frig\u00e9rateur, transformant le transitoire en d\u00e9finitif, s\u2019installant sur leur lieu de travail pour toujours. Le monde y fonctionne de plus en plus sans les hommes ; entre la surdimension et la lin\u00e9arit\u00e9, la conscience du temps dispara\u00eet. Plus de drame chez Richter, on est dans un lieu o\u00f9 la trag\u00e9die et l\u2019humour se m\u00ealent : l\u2019un des consultants \u00e9crit une com\u00e9die musicale mettant en sc\u00e8ne un phoque qui s\u2019adapte aux crit\u00e8res de l\u2019entreprise avec le tour du monde ; dans l\u2019idylle d\u2019un monde futur, les t\u00e9l\u00e9viseurs et les automobiles vivront heureux sans les hommes et marcheront main dans la main.<\/span><br \/><span style=\"font-family: gravity-book; font-size: 12pt;\">Dans ce tragique d\u2019aujourd\u2019hui, l\u2019individu est en lutte contre lui-m\u00eame, contre son propre langage. Dans quelle mesure parle-t-on, dans quelle mesure est-on parl\u00e9 par un discours dominant ? \u00ab\u00a0Sous la glace\u00a0\u00bb \u00e9voque notre rapport au travail, notre rapport au langage, qu\u2019il soit verbal, sonore ou imag\u00e9.<\/span><\/p>\t\t\t\t\t\t<\/div>\n\t\t\t\t<\/div>\n\t\t\t\t<div class=\"elementor-element elementor-element-d2ca20a elementor-widget elementor-widget-text-editor\" data-id=\"d2ca20a\" data-element_type=\"widget\" data-widget_type=\"text-editor.default\">\n\t\t\t\t<div class=\"elementor-widget-container\">\n\t\t\t\t\t\t\t<p><span style=\"font-size: 10pt; font-family: gravity-bold; color: #00786e;\">PRODUCTION<\/span><br \/><span style=\"font-family: gravity-book; font-size: 10pt;\"><span style=\"font-family: gravity-bold;\">Production<\/span> day-for-night<br \/><span style=\"font-family: gravity-bold;\">Coproduction<\/span> Mains d\u2019oeuvres, Th\u00e9\u00e2tre de l\u2019Heure, ARCADI<\/span><br \/><span style=\"font-family: gravity-book; font-size: 10pt;\"><span style=\"font-family: gravity-bold;\">Avec l\u2019aide<\/span> \u00e0 la cr\u00e9ation du CNT et l\u2019aide \u00e0 la production du DICREAM<\/span><br \/><span style=\"font-family: gravity-book; font-size: 10pt;\"><span style=\"font-family: gravity-bold;\">With the support of<\/span> Th\u00e9\u00e2tre Eph\u00e9m\u00e9ride, du th\u00e9\u00e2tre de la Digue, des Presses Universitaires du Mirail.\u00a0Le Th\u00e9\u00e2tre de l\u2019Heure est en r\u00e9sidence \u00e0 Mains d\u2019oeuvres.\u00a0L\u2019Arche est agent th\u00e9\u00e2tral du texte repr\u00e9sent\u00e9.\u00a0Le texte \u00ab\u00a0Sous la glace\u00a0\u00bb est publi\u00e9 aux Editions Nouvelles Sc\u00e8nes allemandes.<\/span><\/p>\t\t\t\t\t\t<\/div>\n\t\t\t\t<\/div>\n\t\t\t\t\t<\/div>\n\t\t<\/div>\n\t\t\t\t<div class=\"elementor-column elementor-col-33 elementor-top-column elementor-element elementor-element-61f58345\" data-id=\"61f58345\" data-element_type=\"column\">\n\t\t\t<div class=\"elementor-widget-wrap elementor-element-populated\">\n\t\t\t\t\t\t<div class=\"elementor-element elementor-element-76171cf1 elementor-widget elementor-widget-image\" data-id=\"76171cf1\" data-element_type=\"widget\" data-widget_type=\"image.default\">\n\t\t\t\t<div class=\"elementor-widget-container\">\n\t\t\t\t\t\t\t\t\t\t\t\t\t<img fetchpriority=\"high\" decoding=\"async\" width=\"768\" height=\"512\" src=\"https:\/\/www.dayfornight.fr\/wp-content\/uploads\/2023\/01\/Sous-la-glace-\u00a9Jean-Baptiste-Pasquier-768x512.jpg\" class=\"attachment-medium_large size-medium_large wp-image-1712\" alt=\"\" srcset=\"https:\/\/www.dayfornight.fr\/wp-content\/uploads\/2023\/01\/Sous-la-glace-\u00a9Jean-Baptiste-Pasquier-768x512.jpg 768w, https:\/\/www.dayfornight.fr\/wp-content\/uploads\/2023\/01\/Sous-la-glace-\u00a9Jean-Baptiste-Pasquier-300x200.jpg 300w, https:\/\/www.dayfornight.fr\/wp-content\/uploads\/2023\/01\/Sous-la-glace-\u00a9Jean-Baptiste-Pasquier.jpg 1000w\" sizes=\"(max-width: 768px) 100vw, 768px\" \/>\t\t\t\t\t\t\t\t\t\t\t\t\t<\/div>\n\t\t\t\t<\/div>\n\t\t\t\t<div class=\"elementor-element elementor-element-a27cd82 elementor-widget elementor-widget-text-editor\" data-id=\"a27cd82\" data-element_type=\"widget\" data-widget_type=\"text-editor.default\">\n\t\t\t\t<div class=\"elementor-widget-container\">\n\t\t\t\t\t\t\t<p style=\"text-align: center;\"><span style=\"font-family: gravity-book; font-size: 8pt;\">\u00a9 Jean-Baptiste Pasquier\u00a0<\/span><\/p>\t\t\t\t\t\t<\/div>\n\t\t\t\t<\/div>\n\t\t\t\t<div class=\"elementor-element elementor-element-4a4d2e42 elementor-widget elementor-widget-text-editor\" data-id=\"4a4d2e42\" data-element_type=\"widget\" data-widget_type=\"text-editor.default\">\n\t\t\t\t<div class=\"elementor-widget-container\">\n\t\t\t\t\t\t\t<p><span style=\"font-family: gravity-book; font-size: 10pt;\"><span style=\"font-family: gravity-bold; color: #00786e;\">CAST<\/span><br \/>Text<span style=\"font-family: gravity-bold;\"> Falk Richter<\/span><\/span><br \/><span style=\"font-family: gravity-book; font-size: 10pt;\">Mise en sc\u00e8ne et traduction <span style=\"font-family: gravity-bold;\">Anne Monfort<\/span><\/span><br \/><span style=\"font-family: gravity-book; font-size: 10pt;\">With <span style=\"font-family: gravity-bold;\">Christophe Giordano, Yann Lheureux, Serge Nail, et Christian Ciobanu\/ Constantin Cristev<\/span><\/span><br \/><span style=\"font-family: gravity-book; font-size: 10pt;\">Sc\u00e9nographie <span style=\"font-family: gravity-bold;\">C\u00e9cilia Delestre<\/span><\/span><br \/><span style=\"font-family: gravity-book; font-size: 10pt;\">Sound design <span style=\"font-family: gravity-bold;\">Alban Guillemot<\/span><\/span><br \/><span style=\"font-family: gravity-book; font-size: 10pt;\">Cr\u00e9ation lumi\u00e8re <span style=\"font-family: gravity-bold;\">C\u00e9cile Robin<\/span><\/span><br \/><span style=\"font-family: gravity-book; font-size: 10pt;\">Captation et cr\u00e9ation vid\u00e9o<span style=\"font-family: gravity-bold;\"> Sol\u00e8ne Froissart<\/span><\/span><br \/><span style=\"font-family: gravity-book; font-size: 10pt;\">Administration <span style=\"font-family: gravity-bold;\">Jean-Baptiste Pasquier<\/span><\/span><\/p>\t\t\t\t\t\t<\/div>\n\t\t\t\t<\/div>\n\t\t\t\t<div class=\"elementor-element elementor-element-e7b84fb elementor-widget elementor-widget-text-editor\" data-id=\"e7b84fb\" data-element_type=\"widget\" data-widget_type=\"text-editor.default\">\n\t\t\t\t<div class=\"elementor-widget-container\">\n\t\t\t\t\t\t\t<p><span style=\"font-size: 10pt; font-family: gravity-book;\"><span style=\"font-family: gravity-bold; color: #00786e;\">PERFORMANCE DATES\u00a0<\/span><br \/><span style=\"font-family: gravity-bold;\">Du 2 au 21 avril 2007<\/span> | Cr\u00e9ation<br \/>Mains d\u2019oeuvres, Saint-Ouen\u00a0<br \/><span style=\"font-family: gravity-bold;\">Du 5 au 10 juin 2007<\/span> <br \/>Le Colombier \u2013 Bagnolet\u00a0<br \/><span style=\"font-family: gravity-bold;\">Le 13 d\u00e9cembre 2007<\/span> <br \/>Th\u00e9\u00e2tre des deux Rives \u2013 Rouen\u00a0<br \/><span style=\"font-family: gravity-bold;\">Le 17 mai 2008<\/span> <br \/>SN61 \u2013 Sc\u00e8ne nationale d\u2019Alen\u00e7on<br \/><span style=\"font-family: gravity-bold;\">Les 29 et 30 juin 2008<\/span> <br \/>Mains d\u2019\u0153uvres, Saint Ouen<br \/><\/span><\/p>\t\t\t\t\t\t<\/div>\n\t\t\t\t<\/div>\n\t\t\t\t\t<\/div>\n\t\t<\/div>\n\t\t\t\t\t<\/div>\n\t\t<\/section>\n\t\t\t\t<section class=\"elementor-section elementor-top-section elementor-element elementor-element-44010ad elementor-section-boxed elementor-section-height-default elementor-section-height-default\" data-id=\"44010ad\" data-element_type=\"section\">\n\t\t\t\t\t\t<div class=\"elementor-container elementor-column-gap-default\">\n\t\t\t\t\t<div class=\"elementor-column elementor-col-100 elementor-top-column elementor-element elementor-element-dbe32dd\" data-id=\"dbe32dd\" data-element_type=\"column\">\n\t\t\t<div class=\"elementor-widget-wrap\">\n\t\t\t\t\t\t\t<\/div>\n\t\t<\/div>\n\t\t\t\t\t<\/div>\n\t\t<\/section>\n\t\t\t\t<\/div>","protected":false},"excerpt":{"rendered":"<p>________ sous la glace CR\u00c9ATION 2007 L\u2019\u00e9criture de Sous la glace comme des autres pi\u00e8ces de Falk Richter est une<\/p>","protected":false},"author":1,"featured_media":0,"parent":0,"menu_order":0,"comment_status":"closed","ping_status":"closed","template":"","meta":[],"_links":{"self":[{"href":"https:\/\/www.dayfornight.fr\/en\/wp-json\/wp\/v2\/pages\/288"}],"collection":[{"href":"https:\/\/www.dayfornight.fr\/en\/wp-json\/wp\/v2\/pages"}],"about":[{"href":"https:\/\/www.dayfornight.fr\/en\/wp-json\/wp\/v2\/types\/page"}],"author":[{"embeddable":true,"href":"https:\/\/www.dayfornight.fr\/en\/wp-json\/wp\/v2\/users\/1"}],"replies":[{"embeddable":true,"href":"https:\/\/www.dayfornight.fr\/en\/wp-json\/wp\/v2\/comments?post=288"}],"version-history":[{"count":26,"href":"https:\/\/www.dayfornight.fr\/en\/wp-json\/wp\/v2\/pages\/288\/revisions"}],"predecessor-version":[{"id":2815,"href":"https:\/\/www.dayfornight.fr\/en\/wp-json\/wp\/v2\/pages\/288\/revisions\/2815"}],"wp:attachment":[{"href":"https:\/\/www.dayfornight.fr\/en\/wp-json\/wp\/v2\/media?parent=288"}],"curies":[{"name":"wp","href":"https:\/\/api.w.org\/{rel}","templated":true}]}}

<div data-elementor-type="wp-post" data-elementor-id="288" class="elementor elementor-288">
						<section class="elementor-section elementor-top-section elementor-element elementor-element-2cb7582d elementor-section-boxed elementor-section-height-default elementor-section-height-default" data-id="2cb7582d" data-element_type="section">
						<div class="elementor-container elementor-column-gap-default">
					<div class="elementor-column elementor-col-100 elementor-top-column elementor-element elementor-element-1dc267c9" data-id="1dc267c9" data-element_type="column">
			<div class="elementor-widget-wrap">
							</div>
		</div>
					</div>
		</section>
				<section class="elementor-section elementor-top-section elementor-element elementor-element-9b87318 elementor-section-boxed elementor-section-height-default elementor-section-height-default" data-id="9b87318" data-element_type="section">
						<div class="elementor-container elementor-column-gap-default">
					<div class="elementor-column elementor-col-100 elementor-top-column elementor-element elementor-element-4b4cb4a" data-id="4b4cb4a" data-element_type="column">
			<div class="elementor-widget-wrap elementor-element-populated">
						<div class="elementor-element elementor-element-7c5ea24 elementor-widget elementor-widget-text-editor" data-id="7c5ea24" data-element_type="widget" data-widget_type="text-editor.default">
				<div class="elementor-widget-container">
							<p><span style="font-family: Andale Mono, Times; color: #00786e;">________</span></p><p><span style="font-family: gravity-light; font-size: 36pt; color: #00786e;">sous la glace</span></p><p><span style="font-family: gravity-book; font-size: 10pt; color: #00786e;">CRÉATION 2007</span></p>						</div>
				</div>
					</div>
		</div>
					</div>
		</section>
				<section class="elementor-section elementor-top-section elementor-element elementor-element-351817cb elementor-section-boxed elementor-section-height-default elementor-section-height-default" data-id="351817cb" data-element_type="section">
						<div class="elementor-container elementor-column-gap-wide">
					<div class="elementor-column elementor-col-66 elementor-top-column elementor-element elementor-element-1dbbc929" data-id="1dbbc929" data-element_type="column">
			<div class="elementor-widget-wrap elementor-element-populated">
						<div class="elementor-element elementor-element-6b2a7bc5 elementor-widget elementor-widget-text-editor" data-id="6b2a7bc5" data-element_type="widget" data-widget_type="text-editor.default">
				<div class="elementor-widget-container">
							<p><span style="font-family: gravity-book; font-size: 12pt;">L’écriture de <em>Sous la glace</em> comme des autres pièces de Falk Richter est une écriture de plateau, qui met au centre le travail de l’acteur et qui lui est destinée.</span><br /><span style="font-family: gravity-book; font-size: 12pt;">D’un niveau de réalité à l’autre, du travail à l’intime, impossible de décider si la pièce est le cauchemar de Jean Personne, le consultant vieilli, ou la réalité de l’entreprise. A peine des personnages encore individualisés, les êtres y errent d’un non-lieu surmoderne à l’autre entre l’aéroport et le réfrigérateur, transformant le transitoire en définitif, s’installant sur leur lieu de travail pour toujours. Le monde y fonctionne de plus en plus sans les hommes ; entre la surdimension et la linéarité, la conscience du temps disparaît. Plus de drame chez Richter, on est dans un lieu où la tragédie et l’humour se mêlent : l’un des consultants écrit une comédie musicale mettant en scène un phoque qui s’adapte aux critères de l’entreprise avec le tour du monde ; dans l’idylle d’un monde futur, les téléviseurs et les automobiles vivront heureux sans les hommes et marcheront main dans la main.</span><br /><span style="font-family: gravity-book; font-size: 12pt;">Dans ce tragique d’aujourd’hui, l’individu est en lutte contre lui-même, contre son propre langage. Dans quelle mesure parle-t-on, dans quelle mesure est-on parlé par un discours dominant ? « Sous la glace » évoque notre rapport au travail, notre rapport au langage, qu’il soit verbal, sonore ou imagé.</span></p>						</div>
				</div>
				<div class="elementor-element elementor-element-d2ca20a elementor-widget elementor-widget-text-editor" data-id="d2ca20a" data-element_type="widget" data-widget_type="text-editor.default">
				<div class="elementor-widget-container">
							<p><span style="font-size: 10pt; font-family: gravity-bold; color: #00786e;">PRODUCTION</span><br /><span style="font-family: gravity-book; font-size: 10pt;"><span style="font-family: gravity-bold;">Production</span> day-for-night<br /><span style="font-family: gravity-bold;">Coproduction</span> Mains d’oeuvres, Théâtre de l’Heure, ARCADI</span><br /><span style="font-family: gravity-book; font-size: 10pt;"><span style="font-family: gravity-bold;">Avec l’aide</span> à la création du CNT et l’aide à la production du DICREAM</span><br /><span style="font-family: gravity-book; font-size: 10pt;"><span style="font-family: gravity-bold;">With the support of</span> Théâtre Ephéméride, du théâtre de la Digue, des Presses Universitaires du Mirail. Le Théâtre de l’Heure est en résidence à Mains d’oeuvres. L’Arche est agent théâtral du texte représenté. Le texte « Sous la glace » est publié aux Editions Nouvelles Scènes allemandes.</span></p>						</div>
				</div>
					</div>
		</div>
				<div class="elementor-column elementor-col-33 elementor-top-column elementor-element elementor-element-61f58345" data-id="61f58345" data-element_type="column">
			<div class="elementor-widget-wrap elementor-element-populated">
						<div class="elementor-element elementor-element-76171cf1 elementor-widget elementor-widget-image" data-id="76171cf1" data-element_type="widget" data-widget_type="image.default">
				<div class="elementor-widget-container">
													<img fetchpriority="high" decoding="async" width="768" height="512" src="https://www.dayfornight.fr/wp-content/uploads/2023/01/Sous-la-glace-©Jean-Baptiste-Pasquier-768x512.jpg" class="attachment-medium_large size-medium_large wp-image-1712" alt="" srcset="https://www.dayfornight.fr/wp-content/uploads/2023/01/Sous-la-glace-©Jean-Baptiste-Pasquier-768x512.jpg 768w, https://www.dayfornight.fr/wp-content/uploads/2023/01/Sous-la-glace-©Jean-Baptiste-Pasquier-300x200.jpg 300w, https://www.dayfornight.fr/wp-content/uploads/2023/01/Sous-la-glace-©Jean-Baptiste-Pasquier.jpg 1000w" sizes="(max-width: 768px) 100vw, 768px" />													</div>
				</div>
				<div class="elementor-element elementor-element-a27cd82 elementor-widget elementor-widget-text-editor" data-id="a27cd82" data-element_type="widget" data-widget_type="text-editor.default">
				<div class="elementor-widget-container">
							<p style="text-align: center;"><span style="font-family: gravity-book; font-size: 8pt;">© Jean-Baptiste Pasquier </span></p>						</div>
				</div>
				<div class="elementor-element elementor-element-4a4d2e42 elementor-widget elementor-widget-text-editor" data-id="4a4d2e42" data-element_type="widget" data-widget_type="text-editor.default">
				<div class="elementor-widget-container">
							<p><span style="font-family: gravity-book; font-size: 10pt;"><span style="font-family: gravity-bold; color: #00786e;">CAST</span><br />Text<span style="font-family: gravity-bold;"> Falk Richter</span></span><br /><span style="font-family: gravity-book; font-size: 10pt;">Mise en scène et traduction <span style="font-family: gravity-bold;">Anne Monfort</span></span><br /><span style="font-family: gravity-book; font-size: 10pt;">With <span style="font-family: gravity-bold;">Christophe Giordano, Yann Lheureux, Serge Nail, et Christian Ciobanu/ Constantin Cristev</span></span><br /><span style="font-family: gravity-book; font-size: 10pt;">Scénographie <span style="font-family: gravity-bold;">Cécilia Delestre</span></span><br /><span style="font-family: gravity-book; font-size: 10pt;">Sound design <span style="font-family: gravity-bold;">Alban Guillemot</span></span><br /><span style="font-family: gravity-book; font-size: 10pt;">Création lumière <span style="font-family: gravity-bold;">Cécile Robin</span></span><br /><span style="font-family: gravity-book; font-size: 10pt;">Captation et création vidéo<span style="font-family: gravity-bold;"> Solène Froissart</span></span><br /><span style="font-family: gravity-book; font-size: 10pt;">Administration <span style="font-family: gravity-bold;">Jean-Baptiste Pasquier</span></span></p>						</div>
				</div>
				<div class="elementor-element elementor-element-e7b84fb elementor-widget elementor-widget-text-editor" data-id="e7b84fb" data-element_type="widget" data-widget_type="text-editor.default">
				<div class="elementor-widget-container">
							<p><span style="font-size: 10pt; font-family: gravity-book;"><span style="font-family: gravity-bold; color: #00786e;">PERFORMANCE DATES </span><br /><span style="font-family: gravity-bold;">Du 2 au 21 avril 2007</span> | Création<br />Mains d’oeuvres, Saint-Ouen <br /><span style="font-family: gravity-bold;">Du 5 au 10 juin 2007</span> <br />Le Colombier – Bagnolet <br /><span style="font-family: gravity-bold;">Le 13 décembre 2007</span> <br />Théâtre des deux Rives – Rouen <br /><span style="font-family: gravity-bold;">Le 17 mai 2008</span> <br />SN61 – Scène nationale d’Alençon<br /><span style="font-family: gravity-bold;">Les 29 et 30 juin 2008</span> <br />Mains d’œuvres, Saint Ouen<br /></span></p>						</div>
				</div>
					</div>
		</div>
					</div>
		</section>
				<section class="elementor-section elementor-top-section elementor-element elementor-element-44010ad elementor-section-boxed elementor-section-height-default elementor-section-height-default" data-id="44010ad" data-element_type="section">
						<div class="elementor-container elementor-column-gap-default">
					<div class="elementor-column elementor-col-100 elementor-top-column elementor-element elementor-element-dbe32dd" data-id="dbe32dd" data-element_type="column">
			<div class="elementor-widget-wrap">
							</div>
		</div>
					</div>
		</section>
				</div>

<p>________ sous la glace CRÉATION 2007 L’écriture de Sous la glace comme des autres pièces de Falk Richter est une</p>
